e -2*a = 5 - 1. Let i(d) = -4*d**3 + d**2 + 6*d + 7. Calculate the remainder when 0 + (89 - (-3 - -1)) is divided by i(a).
29
Let y(l) = 13*l - 40. Let u be (10/1)/(8/4). Calculate the remainder when y(u) is divided by 7.
4
Let f = -116 - -83. Suppose 7*x = -2*x - 495. Calculate the remainder when 24 is divided by (f/x)/(1/15).
6
Let q(u) = -7*u + 2 + 4 - u. Let a be q(5). Let m = 39 + a. Calculate the remainder when 13 is divided by m.
3
Let l = -26597 - -26717. Calculate the remainder when 1916 is divided by l.
116
What is the remainder when (66/(-7))/(6/(-28)) is divided by 22?
0
Suppose v + 22*k - 13 = 23*k, k + 45 = 3*v. Let w = 1301 + -666. Calculate the remainder when w is divided by v.
11
Let i(u) = -2*u - 13. Let t be i(-4). What is the remainder when ((-96)/(-5))/((-9)/150*t) is divided by 13?
12
Let c be (120/(-180))/(0 - 1/3). Suppose 0 = -c*r + 4 + 32. Calculate the remainder when 121 is divided by r.
13
Suppose 4*j - 3 - 13 = -24. Suppose 4*k + 20 = -5*s, -s - 4*k = -2*s - 4. Calculate the remainder when 21 is divided by (-2)/j + s + 16.
8
Suppose -4*c + 8*c - 411 = -3*d, 4*c = -2*d + 410. Suppose 143*h + 12311 = 130*h. Let i = 960 + h. What is the remainder when c is divided by i?
11
Suppose 0*y - 2*y = -t - 162, -4*y = -16. Let f = -110 - t. Calculate the remainder when 130 is divided by f.
42
Suppose -f + 91*z = 93*z - 94, 0 = -f + 5*z + 101. What is the remainder when 8638 is divided by f?
94
Let n(m) = 135*m**2 - 2*m - 1. Let x be n(-1). Suppose v + 29 = x. What is the remainder when v is divided by 2106/42 + -13 - 40/35?
35
Let i(f) = 2*f - 15. Let q be i(9). Suppose -q*p = -6 - 6, -3*g - 5*p = -293. Suppose -b + g = -82. Calculate the remainder when b is divided by 59.
55
Suppose -415 - 558 = -51*s - 55. Calculate the remainder when 2192 is divided by s.
14
Suppose 5*h + o - 5*o - 4 = 0, 24 = 5*h + o. Calculate the remainder when (-28 - -16) + (-1 - -49) is divided by h.
0
Suppose -19*r - 10*r + 72 = -392. Calculate the remainder when 198 is divided by r.
6
Suppose 2*y = 5*b - 3*b + 6900, -4*b + 10322 = 3*y. What is the remainder when y is divided by 17?
12
Let l = -232 + -74. Let k = 442 + l. What is the remainder when k is divided by 23?
21
Suppose 2*b - 112 = -26*b. Suppose b*m = 2*c + 626, 641 = -m + 5*m - 5*c. What is the remainder when m is divided by 12?
10
Suppose -2*h + 6 = -5*h + 3*l, -h + 18 = 4*l. Suppose -h*d = -d - 4*y - 33, 42 = d - y. Calculate the remainder when 628 is divided by d.
43
Suppose 2*t - 114 = -2*g - 2*t, 3*t - 162 = -3*g. Let i(d) = -7*d - 5. What is the remainder when g is divided by i(-2)?
6
Let f(v) = 772*v**3 + 2*v**2 + 3*v + 1. Let o be f(-1). Let i = 821 + o. Calculate the remainder when 195 is divided by i.
48
Let d(c) = 30*c - 15. Let l be d(5). Suppose -3*r - 3*t - 57 = -l, -3*r - 4*t = -79. What is the remainder when 274 is divided by r?
24
Suppose 94*f - 62*f - 3941 - 251 = 0. What is the remainder when 310 is divided by f?
48
Suppose 285 = -0*g + 3*g. Let a(m) = -m**2 - 592*m + 174554. What is the remainder when g is divided by a(216)?
17
Let r(s) = s**3 - 3*s**2 + s + 2. Let i = -2 + 4. Let t be r(i). Suppose 8*a = 32 - t. Calculate the remainder when a is divided by 3.
1
Let o = -23 - 0. Let f(t) = -2*t**2 - 47*t + 8. What is the remainder when (1*3)/((-57)/(-1159)) is divided by f(o)?
30
Let z be -3*1/(-2)*(-24)/18. Let f = 5 + z. Suppose f*n + 3*j = 45, 0*n - j = -n + 25. Calculate the remainder when 78 is divided by n.
18
Let n = 23 - 29. Let y(d) be the third derivative of -d**6/120 - d**5/12 - d**4/24 - 7*d**3/3 - 10*d**2. Calculate the remainder when 82 is divided by y(n).
26
Suppose 23*w - 18019 = 2681. Calculate the remainder when w is divided by 41.
39
Let b be 7 - (7 + 0 + -4). Suppose -b*c - 5 = -5*c. Calculate the remainder when 108 is divided by (c/10)/((-1)/(-32)).
12
Calculate the remainder when -1*-1146*12/9 is divided by 45.
43
Suppose -89*n + 34317 = 34*n. Calculate the remainder when n is divided by 8.
7
Let g = 185 - 187. What is the remainder when 180 is divided by (-14 + -4)/(12/(-8)) - g?
12
Let j(r) = 396*r**2 - 92*r - 10. Calculate the remainder when j(-2) is divided by 61.
50
Let o(x) be the third derivative of -7*x**4/24 - 23*x**3/2 + 2*x**2 + 33*x. Calculate the remainder when o(-27) is divided by 18.
12
Suppose 24*j = 435 + 333. Calculate the remainder when 223 is divided by j.
31
Calculate the remainder when (-102)/(22 + -21 + -2) is divided by 63.
39
Let a(q) = 26*q**2 + 439*q + 1755. What is the remainder when a(-4) is divided by 387?
28
Let j(w) = 29*w + 3580. What is the remainder when 313 is divided by j(-120)?
13
Let i = -7969 + 11926. What is the remainder when i is divided by 120?
117
Calculate the remainder when 3 - (5 - (3226/10 + 16/40)) is divided by 157.
7
Let j be (-8)/(-22) + 3640/1001. Let k = -9 + 13. Suppose k*n = -j*f + 56, f - 26 - 48 = -5*n. What is the remainder when n is divided by 9?
6
Let o(n) = -163*n + 1347. Calculate the remainder when o(0) is divided by 54.
51
Suppose 0 = -4*z + 6*z - 4. Let l be ((-44)/(-8))/(z/4). Suppose 0*x + x = l. What is the remainder when x is divided by 7?
4
Let h(s) be the first derivative of 12*s**2 - 24*s - 2. What is the remainder when h(4) is divided by 33?
6
Let q(k) = k**3 - 17*k**2 - 183*k + 2381. Calculate the remainder when q(22) is divided by 61.
43
Let x = 367 - 348. Let c(j) be the third derivative of j**5/60 - 7*j**4/24 + 23*j**3/6 - 4*j**2. What is the remainder when c(10) is divided by x?
15
Suppose -24*h + 92*h - 1700 = 0. What is the remainder when 174 is divided by h?
24
Suppose 2*a - 4*y - 60 = 0, -a + y + 20 + 5 = 0. Let w(g) = -g**2 + 8*g - 2. Let j be w(8). What is the remainder when a is divided by (-5)/j*10/5?
0
What is the remainder when ((-102)/(-136))/((52/(-24) + 2)/(-40)) is divided by 79?
22
Let t(k) = -k**2 + 16*k + 0*k**2 - 15 + k. Suppose -5*g = 5*y - 75, -2*g - 5*y + 13 = -17. What is the remainder when t(g) is divided by 4?
3
Suppose -360 = 12*s - 30*s - 12*s. Suppose -68 - 94 = -5*j + 2*w, 2*j - w - 64 = 0. What is the remainder when j is divided by s?
10
Let j(a) = a**3 + 6*a**2 + 3*a - 4. Suppose 2*t + 356 = 5*k, -50*k + 45*k - t = -332. Calculate the remainder when k is divided by j(-3).
12
What is the remainder when 1503 is divided by 34360/780 - 10/195?
7
Let o(s) = 26*s**3 - 6*s + 5. Let x be o(3). Suppose 17*w + x = -1759. Let l = -125 - w. What is the remainder when l is divided by 5?
4
Suppose 3*b - 3*w - 21 = 123, -4*b = -w - 204. Suppose -4*z + 120 = b. What is the remainder when z is divided by 13?
4
Suppose 3*t = 5*s - 154, 2*s = -0*s + 5*t + 54. Calculate the remainder when s is divided by 9/(11 - (-3 + (-492)/(-36))).
5
Let q(a) = -523*a - 2040. Calculate the remainder when 467 is divided by q(-4).
51
Let l be (16/(-20))/((-2)/10). Suppose -5*o = 4*g - 5, l*g = 3*o - 0*o + 29. What is the remainder when 6/g + -2 - 345/(-25) is divided by 4?
1
Let i = 1054 + -743. Suppose -10*j + i = -19. What is the remainder when j is divided by 7?
5
Suppose -188 + 66 = 2*g + 5*s, 2*s - 363 = 5*g. Let j = g - -73. Suppose -j*t + 46 = -0*t + 2*q, -35 = -t - 4*q. What is the remainder when t is divided by 13?
6
Let r(a) = 2*a + 35. Let q be r(-22). Let x(c) = c**2 + 9*c + 24. Calculate the remainder when 88 is divided by x(q).
16
Suppose -l - 5*l + 171 = -3*l. Calculate the remainder when 131 is divided by l.
17
Suppose 0 = 2*m + m - 126. Let b = 31201 - 31003. What is the remainder when b is divided by m?
30
Let a(s) = -5 - s + 5*s - 14. Calculate the remainder when (-4 - (-56)/10)/(24/300) is divided by a(7).
2
Suppose -1154 + 274 = -10*g. What is the remainder when g is divided by 10?
8
Suppose -6*r + 11*r - 170 = 0. Suppose 41 = 3*c - r. Suppose 4*f - 14 - 14 = 0. Calculate the remainder when c is divided by f.
4
Suppose -24*z + 25*z = 243. What is the remainder when z is divided by 12?
3
Let f(h) = h**3 - 30*h**2 - 53*h + 778. What is the remainder when 889 is divided by f(31)?
25
Let b(o) = 4*o + 10*o**2 + 13*o + 8*o + 5*o - 8*o + 50. What is the remainder when b(-3) is divided by 20?
14
Let l(m) = 20*m + 11. Let x be l(-1). Calculate the remainder when 0 + 56 + (-10 - x) is divided by 30.
25
Let j(c) = 73*c**2 + 88*c + 855. Calculate the remainder whe